, 17627
What are the prime factors of 780151?
73, 10687
What are the prime factors of 613331?
97, 6323
List the prime factors of 214448.
2, 13, 1031
List the prime factors of 5643973.
5643973
What are the prime factors of 142646?
2, 7, 23, 443
List the prime factors of 24153256.
2, 19, 131, 1213
What are the prime factors of 31056436?
2, 1109, 7001
List the prime factors of 7716039.
3, 103, 24971
List the prime factors of 14504089.
29, 331, 1511
List the prime factors of 189070.
2, 5, 7, 37, 73
List the prime factors of 1945094.
2, 277, 3511
List the prime factors of 1104915.
3, 5, 7, 17, 619
What are the prime factors of 106829?
317, 337
List the prime factors of 125143.
23, 5441
List the prime factors of 288697.
288697
What are the prime factors of 386181?
3, 14303
List the prime factors of 2466170.
2, 5, 7, 719
What are the prime factors of 4245935?
5, 37, 59, 389
List the prime factors of 381541.
381541
List the prime factors of 406737.
3, 43, 1051
What are the prime factors of 522986?
2, 29, 71, 127
What are the prime factors of 23179810?
2, 5, 19, 6421
What are the prime factors of 4538952?
2, 3, 11, 521
List the prime factors of 628689.
3, 209563
List the prime factors of 9189167.
13, 23, 73, 421
What are the prime factors of 7246902?
2, 3, 13, 53, 1753
List the prime factors of 24097659.
3, 653, 12301
List the prime factors of 860859.
3, 95651
List the prime factors of 41919059.
7, 13, 17, 79
What are the prime factors of 16920260?
2, 5, 7, 19, 6361
What are the prime factors of 1584184?
2, 7, 28289
What are the prime factors of 498660?
2, 3, 5, 8311
What are the prime factors of 3158268?
2, 3, 23, 11443
List the prime factors of 3678570.
2, 3, 5, 7, 5839
List the prime factors of 8159588.
2, 19, 101, 1063
List the prime factors of 221412.
2, 3, 18451
List the prime factors of 796081.
11, 13, 19, 293
List the prime factors of 552647.
311, 1777
What are the prime factors of 13090?
2, 5, 7, 11, 17
What are the prime factors of 2155918?
2, 29, 37171
What are the prime factors of 1725770?
2, 5, 19, 31, 293
What are the prime factors of 2124005?
5, 13, 41, 797
List the prime factors of 982493.
982493
List the prime factors of 1940267.
7, 73, 3797
What are the prime factors of 930006?
2, 3, 7, 11, 61
List the prime factors of 3815096.
2, 476887
List the prime factors of 112449.
3, 37483
What are the prime factors of 5229935?
5, 1045987
What are the prime factors of 1352008?
2, 7, 3449
List the prime factors of 2445957.
3, 30197
List the prime factors of 5695582.
2, 23, 123817
List the prime factors of 3070080.
2, 3, 5, 13, 41
List the prime factors of 100088.
2, 12511
What are the prime factors of 451132?
2, 11, 10253
What are the prime factors of 1182190?
2, 5, 118219
What are the prime factors of 108077?
23, 37, 127
What are the prime factors of 149200?
2, 5, 373
List the prime factors of 14920823.
14920823
List the prime factors of 13368201.
3, 7, 11, 5261
What are the prime factors of 87232?
2, 29, 47
What are the prime factors of 5737629?
3, 1912543
List the prime factors of 102845.
5, 67, 307
List the prime factors of 606233.
19, 31907
What are the prime factors of 2767321?
2767321
What are the prime factors of 2288873?
19, 179, 673
What are the prime factors of 16233150?
2, 3, 5, 31, 3491
List the prime factors of 4022626.
2, 269, 7477
List the prime factors of 1841136.
2, 3, 11, 317
List the prime factors of 1717961.
7, 19, 12917
What are the prime factors of 57435?
3, 5, 7, 547
What are the prime factors of 245540?
2, 5, 12277
What are the prime factors of 117263?
149, 787
List the prime factors of 383659.
383659
List the prime factors of 18903323.
18903323
What are the prime factors of 2702252?
2, 7, 17, 811
List the prime factors of 3675585.
3, 5, 245039
List the prime factors of 65177.
7, 9311
What are the prime factors of 291738?
2, 3, 48623
What are the prime factors of 293653?
103, 2851
What are the prime factors of 121448?
2, 17, 19, 47
What are the prime factors of 1694834?
2, 53, 59, 271
List the prime factors of 4333686.
2, 3, 7, 103183
What are the prime factors of 262910?
2, 5, 61, 431
List the prime factors of 517472.
2, 103, 157
List the prime factors of 2107835.
5, 23, 18329
List the prime factors of 4459928.
2, 11, 59, 859
List the prime factors of 427984.
2, 23, 1163
What are the prime factors of 630439?
19, 33181
List the prime factors of 106064.
2, 7, 947
List the prime factors of 5332704.
2, 3, 13, 4273
What are the prime factors of 7136109?
3, 59, 89, 151
List the prime factors of 77721.
3, 7, 3701
List the prime factors of 93868.
2, 31, 757
List the prime factors of 382059.
3, 42451
List the prime factors of 1450614.
2, 3, 11, 31, 709
List the prime factors of 187044.
2, 3, 11, 13, 109
What are the prime factors of 95458?
2, 11, 4339
List the prime factors of 48771.
3, 5419
List the prime factors of 33807915.
3, 5, 223, 1123
List the prime factors of 640098.
2, 3, 43, 827
List the prime factors of 175079.
175079
List the prime factors of 2002664.
2, 167, 1499
List the prime factors of 20192200.
2, 5, 7, 14423
What are the prime factors of 4339385?
5, 107, 8111
List the prime factors of 1248950.
2, 5, 24979
List the prime factors of 1017557.
421, 2417
What are the prime factors of 763153?
269, 2837
List the prime factors of 426209.
7, 60887
What are the prime factors of 7144852?
2, 11, 13, 12491
List the prime factors of 22842239.
7, 97, 33641
What are the prime factors of 1924929?
3, 213881
What are the prime factors of 102188?
2, 59, 433
List the prime factors of 185108.
2, 7, 11, 601
List the prime factors of 230361.
3, 31, 2477
List the prime factors of 135361.
223, 607
What are the prime factors of 15731587?
15731587
List the prime factors of 9689828.
2, 29, 103, 811
What are the prime factors of 3206734?
2, 167, 9601
What are the prime factors of 522099?
3, 61, 317
What are the prime factors of 494609?
494609
What are the prime factors of 3077326?
2, 7, 219809
What are the prime factors of 5119217?
53, 96589
List the prime factors of 11129827.
11129827
List the prime factors of 155697.
3, 51899
What are the prime factors of 5963336?
2, 137, 5441
What are the prime factors of 166819?
23, 7253
List the prime factors of 7533048.
2, 3, 281, 1117
List the prime factors of 1079843.
647, 1669
What are the prime factors of 2237979?
3, 745993
List the prime factors of 1164004.
2, 397, 733
What are the prime factors of 98710?
2, 5, 9871
What are the prime factors of 18672366?
2, 3, 23, 269, 503
List the prime factors of 211818.
2, 3, 43, 821
List the prime factors of 1823491.
29, 227, 277
What are the prime factors of 1470168?
2, 3, 7, 2917
What are the prime factors of 1112917?
13, 59, 1451
What are the prime factors of 1126926?
2, 3, 41, 509
List the prime factors of 7109801.
7109801
List the prime factors of 233797.
113, 2069
What are the prime factors of 2336881?
2336881
What are the prime factors of 19722468?
2, 3, 1643539
What are the prime factors of 298087?
298087
List the prime factors of 19766771.
137, 157, 919
List the prime factors of 377451.
3, 17, 2467
List the prime factors of 593912.
2, 11, 17, 397
What are the prime factors of 1093619?
29, 43, 877
What are the prime factors of 1614854?
2, 807427
List the prime factors of 9809036.
2, 2452259
What are the prime factors of 3668179?
3668179
List the prime factors of 24487108.
2, 61, 100357
What are the prime factors of 3568673?
71, 50263
List the prime factors of 1890299.
1890299
What are the prime factors of 45026582?
2, 22513291
What are the prime factors of 138762?
2, 3, 13, 593
What are the prime factors of 4048122?
2, 3, 13, 51899
What are the prime factors of 5471779?
31, 176509
List the prime factors of 942755.
5, 11, 61, 281
List the prime factors of 20267.
13, 1559
List the prime factors of 167033.
167033
What are the prime factors of 1944567?
3, 24007
List the prime factors of 3900073.
19, 205267
What are the prime factors of 18172022?
2, 11, 61, 1231
What are the prime factors of 213181?
213181
List the prime factors of 198670.
2, 5, 19867
What are the prime factors of 287883?
3, 29, 1103
What are the prime factors of 11872031?
757, 15683
List the prime factors of 452362.
2, 37, 6113
List the prime factors of 177506.
2, 7, 31, 409
List t